of d?
5
Suppose -5*g = -0 + 10. What is the units digit of (-3 + g)/((-3)/27)?
5
Suppose 126 = -3*l - 363. Let v = -96 - l. What is the units digit of v?
7
Suppose 4*r - 1 = 11. Suppose 0 = 2*t + r*t - 220. What is the tens digit of t?
4
Let u(g) = -g**3 + 5*g - 1. Let o be u(2). Let m be -5 + (4 + o - 2). What is the units digit of 138/(-2)*m/3?
6
Let h be -1 - (-70 + 0)*1. Let w = -30 + h. What is the units digit of w?
9
Let r = -20 - -25. Suppose r*h = 2*h + 30. Suppose -h = -2*p - 6. What is the units digit of p?
2
Let r = 709 - 281. What is the hundreds digit of r?
4
Suppose -5*s - 12 = -2*s. Let r be 2 + -9 - (1 + s). What is the tens digit of r/((30/69)/(-5))?
4
Suppose 0 = h - 4*z - 2, -4*h + z - 22 = 0. Let k(n) = n**3 + 8*n**2 + 4*n - 4. What is the units digit of k(h)?
4
Let j(h) = 305*h**3 + 2*h + 1. Let l be j(-1). Let i be (-2)/4 - l/4. Let f = i + -44. What is the tens digit of f?
3
Suppose -2*r - 5 = -2*n - 31, -4*n = -r + 37. Let p be 7/(14/n) + 2. What is the tens digit of (-1)/(4/184*p)?
2
Suppose 2*o = -3*k - 80, -k = 2*k + 5*o + 92. Let t(l) = -2*l**2 + l - 2. Let h be t(-2). Let p = h - k. What is the tens digit of p?
1
What is the units digit of (5/4)/((-22)/(-10296))?
5
Let h(l) = -4*l + 5. Let r be h(3). Let q = -3 - r. What is the units digit of 2 + (1 - q) + 6?
5
Let i = -402 - -1637. What is the tens digit of i?
3
Suppose 0 = 5*m + 2*v + 90 + 235, -149 = 2*m - 3*v. Let f = m + 127. What is the units digit of f?
0
Suppose 433 = 5*c - 2*f - 4, -4*f = c - 83. Suppose -3*d = -0*d - c. Suppose 9 = 2*q - d. What is the units digit of q?
9
Let g(o) be the third derivative of 29*o**4/24 - 11*o**3 - 19*o**2. What is the tens digit of g(8)?
6
Suppose 2*l - 1 = 3. Suppose -2*k + 6*k = 3*r - 461, 0 = -2*k + l*r - 232. What is the units digit of 4/(-6) - k/3?
7
Let n = 5182 - 1224. What is the hundreds digit of n?
9
What is the units digit of ((-2)/(-3))/((-1)/(-864))?
6
Let m(f) be the first derivative of 2*f**3/3 + 13*f**2/2 + 15*f + 2. What is the hundreds digit of m(-11)?
1
Suppose 4*v + 57 = 3*a - v, -3*a = 5*v - 87. Let j = -24 + a. Suppose j = -4*o + 136 - 24. What is the units digit of o?
8
Let j = 148 + -146. Suppose 0 = -v - 1, -j*o + 8*v + 460 = 6*v. What is the tens digit of o?
2
Let a(x) = x**2 - 31*x - 68. What is the thousands digit of a(54)?
1
Suppose 5*w = -3*t + 187, -4*t + 5*w = -2*t - 83. Let c = 33 + t. What is the tens digit of c?
8
Let j = -9 - -12. Suppose -4*t - 4 = -5*s + 3*s, 0 = -j*t + s - 2. What is the units digit of (2/1)/(2 - t)?
1
Let s(f) = 238*f - 113. What is the hundreds digit of s(14)?
2
Suppose 8486 = 3*i - 5*q + 268, -5470 = -2*i - q. What is the hundreds digit of i?
7
Suppose -36 = -x - 3*x. Suppose -x*j = -4*j - 160. Suppose 0*r = -r + j. What is the units digit of r?
2
Let u = -8 - -11. Suppose -5 = k - u. Let o = k + 29. What is the tens digit of o?
2
What is the hundreds digit of 4 - 11/((-55)/3825)?
7
Suppose -5*m - 5*a - 5 = 0, 2*a + 5 + 1 = -m. Suppose -p = m*p - 15. Suppose -p*r + 8 = -l - 7, -3*r - l + 9 = 0. What is the units digit of r?
4
Let a be 2 + -3 + -9 - -3. Let g be 1/((14/4)/a). What is the units digit of -3*(0 - (-1 - g))?
3
Let r = -2274 + 5632. What is the units digit of r?
8
Let i(j) be the first derivative of -j**2/2 + 6*j + 1. Let g be i(3). Suppose -125 = -5*b + b + 3*y, -2*b + 67 = g*y. What is the units digit of b?
2
Let o be ((-282)/(-4) - 8/(-16)) + 0. Let b be 250/(-7) - (-2)/(-7). Let d = o + b. What is the units digit of d?
5
Let r = 1461 - 962. What is the tens digit of r?
9
What is the units digit of 20*22 - (-2)/1?
2
Let t(l) = -105*l**3 - 16*l**2 - 58*l - 4. What is the hundreds digit of t(-3)?
8
Let x(m) = -11*m + 224. Let r be x(19). Suppose 15 = -w - 5*o, 4 - 9 = -5*w - 5*o. Suppose -w*s - r = 0, -4*s - 18 = -g + s. What is the units digit of g?
3
Let w(u) = -4*u**3 + u**2 + u - 1. Suppose 0 = 5*d - 3*d. Suppose g = -d*g - 2. What is the tens digit of w(g)?
3
Suppose -4*p = -0*p + 3*v - 1230, 3*p + 2*v = 922. Suppose 0*o = -3*o + p. Suppose 0 = 3*s - 4*d - o, 4*s - 5*d + 14 = 150. What is the tens digit of s?
3
Suppose -2*l = o - 6, 6*o - 12 = -l + o. Suppose 0*m = -l*m + 104. What is the units digit of m?
2
Let t be (1 + 1 - 6) + 3. What is the tens digit of ((-280)/(-15))/(t/(-3))?
5
Let s = 31 + -28. Suppose -i = -s*j + i + 7, 5*j - 10 = 3*i. What is the tens digit of j + (-4)/(-12)*141?
4
Let m(d) = -2*d - 38. Let o be m(-18). What is the units digit of (-4 + 5)/o*-22?
1
Let c(i) = i**2 + i - 6. Let p be c(0). Let z(w) = -w**3 + 4*w - 6. What is the hundreds digit of z(p)?
1
Let l = 11 - 7. Suppose -p + 1 + 9 = 0. Suppose -10 = -l*i + p. What is the units digit of i?
5
Let t = -296 + 721. What is the units digit of t?
5
Let b(h) = -h**2 - 34*h - 34. Let a(g) = 3*g**3 - 6*g - 7. Let z be a(-2). What is the tens digit of b(z)?
5
Let c(d) = -7*d + 47. Let z be c(6). Suppose -653 = -z*n - 173. What is the units digit of n?
6
Suppose 0 = 3*m + 9, -3*d + 3*m - 95 = -7*d. Let g be (3 + d/(-6))*-3. Suppose 4*v = -4*j + 5*j - 24, g*v = -j. What is the tens digit of j?
1
Suppose 0 = 524*c - 530*c + 2538. What is the hundreds digit of c?
4
Suppose 2*o - 30 = -o - 5*k, -4*k = 4*o - 32. Suppose -4*b + 103 = 3*a, o = -0*b - b. Suppose 146 = 5*g + a. What is the tens digit of g?
2
Let u = 1464 + -802. What is the units digit of u?
2
Let y = -1 - -4. Let c(p) = y - 7*p + 4*p - 5*p. What is the units digit of c(-4)?
5
Let g(j) = -9*j + 8. Let a be g(6). Let d = -6 - a. Suppose 0 = 13*c - 15*c + d. What is the units digit of c?
0
Let s be (7/2 + -2)*(71 + -1). Let x = -59 + s. What is the tens digit of x?
4
Let y = -90 + 100. Suppose 426 = y*d - 174. What is the units digit of d?
0
Suppose 0 = 5*b - 2*v - 454, 42 + 246 = 3*b + 4*v. What is the units digit of b?
2
Let a be 1*(-41 + 2) - -2. Let m(v) = -16*v + 1. Let y be m(4). Let r = a - y. What is the tens digit of r?
2
Let w = -54 - -38. What is the units digit of ((-4)/w - 6/8)*-174?
7
Let b = -91 - -36. Let z = b - -110. What is the tens digit of z?
5
Suppose -4*z - 71 = 2*m - 7*z, 4*m - z + 117 = 0. Let w = m + 49. What is the tens digit of w?
2
Suppose -3*x - 4 = -n - 5*x, 0 = -2*n + 2*x - 22. Let t = n + 22. Suppose 1 = l - t. What is the units digit of l?
7
Let p(v) = -v**2 + 28*v - 9. What is the units digit of p(19)?
2
Let r(q) = q**3 + 12*q**2 + 8*q - 47. Let h be r(-11). Suppose 4*z - 51 = 33. Let v = h + z. What is the units digit of v?
7
Let f = -230 + 617. Suppose -f = -3*q - 27. What is the hundreds digit of q?
1
Suppose i + 2703 = 4*i. What is the units digit of i?
1
Let o be (-1)/4 - (-52)/16. What is the hundreds digit of (1169/(-7))/(-2 - -1) + o?
1
Suppose -3*l - 1 + 4 = 3*f, -3*l = 0. Let h be (0/2)/2*f. Suppose -g - 8*r = -4*r - 25, 4*g - 5*r + 5 = h. What is the units digit of g?
5
What is the hundreds digit of (-7)/1 + 1720 + 2 + 1?
7
Suppose 3*x - x - 4 = 0. Suppose 5*m - 361 = -d, -x*d = 3*m + d - 207. Let z = m + -52. What is the units digit of z?
1
Let v = -23 - -14. Let z be (6/v)/((-2)/36). Let d = 53 - z. What is the units digit of d?
1
Let r(y) = 3*y**2 + 4*y - 2. Suppose -4 + 2 = j. Let f(o) = 12*o**2 + 17*o - 8. Let k(m) = j*f(m) + 9*r(m). What is the tens digit of k(4)?
5
Suppose -5*y - 4*p = -45, -27 + 2 = -2*y - 3*p. Suppose 0 = k + 4*k - 200. Suppose -94 = -y*w + 2*f, -2*w - 2*f = -4*w + k. What is the units digit of w?
8
Let l(w) = w**2 - 15*w + 635. What is the tens digit of l(0)?
3
Let m(z) = 52*z. Let n = 29 - 46. Let a = 18 + n. What is the tens digit of m(a)?
5
Let n be ((-132)/10)/(1/(-15)). Let r = n + -133. What is the tens digit of r?
6
Let m(h) = h**2 - 3*h - 13. What is the units digit of m(-30)?
7
Suppose 27120 = 3*b + 13*b. What is the units digit of b?
5
Let n = -119 + 346. Suppose 5*h = -3*g + n, -4*h - 3*g + 184 = -0*h. What is the units digit of h?
3
Let b(t) = 22*t**2 - 10*t + 7. Let p be b(8). Suppose -7*s + 12*s = p. What is the tens digit of s?
6
Let q = -33 + 56. Let m = 637 + -632. Suppose -h - 3*h = -m*a + q, 0 = -3*a - 4*h + 1. What is the units digit of a?
3
Suppose 18 = 5*j - 3*v, j - 5*v + 13 = 21. Let s(c) = c**3 + 4*c**2 - 5*c + 5. Let t be s(-5). Suppose t*q - z = 25, -2*z = j*z. What is the units digit of q?
5
Suppose 2*v + 11 = 123. Le